of 13033604?
0
What is the thousands digit of 1465671?
5
What is the hundreds digit of 119871?
8
What is the hundred thousands digit of 11023532?
0
What is the ten thousands digit of 35692396?
9
What is the thousands digit of 3246591?
6
What is the hundred thousands digit of 18980773?
9
What is the millions digit of 2540743?
2
What is the ten thousands digit of 12610547?
1
What is the tens digit of 4050546?
4
What is the tens digit of 692054?
5
What is the ten thousands digit of 1625828?
2
What is the ten thousands digit of 319155?
1
What is the tens digit of 10992763?
6
What is the thousands digit of 439781?
9
What is the thousands digit of 402745?
2
What is the ten thousands digit of 3776605?
7
What is the hundreds digit of 23336?
3
What is the hundred thousands digit of 1920148?
9
What is the hundreds digit of 13556353?
3
What is the hundred thousands digit of 13060801?
0
What is the hundreds digit of 152598?
5
What is the units digit of 5463587?
7
What is the units digit of 63125?
5
What is the thousands digit of 5458772?
8
What is the hundreds digit of 6695726?
7
What is the millions digit of 30367048?
0
What is the tens digit of 501076?
7
What is the units digit of 23038030?
0
What is the hundreds digit of 175069?
0
What is the hundreds digit of 951506?
5
What is the hundred thousands digit of 183263?
1
What is the thousands digit of 6847?
6
What is the hundreds digit of 78586?
5
What is the ten thousands digit of 2352785?
5
What is the hundred thousands digit of 2792924?
7
What is the millions digit of 35727267?
5
What is the ten millions digit of 10276209?
1
What is the units digit of 2272543?
3
What is the millions digit of 2249392?
2
What is the hundreds digit of 695572?
5
What is the thousands digit of 3190434?
0
What is the ten thousands digit of 1264168?
6
What is the ten thousands digit of 992794?
9
What is the units digit of 412613?
3
What is the thousands digit of 236174?
6
What is the tens digit of 17446670?
7
What is the ten thousands digit of 8576579?
7
What is the hundred thousands digit of 499672?
4
What is the units digit of 4878852?
2
What is the millions digit of 37072554?
7
What is the ten thousands digit of 252469?
5
What is the hundred thousands digit of 132830?
1
What is the units digit of 309628?
8
What is the tens digit of 26127?
2
What is the hundred thousands digit of 4570382?
5
What is the hundreds digit of 52126?
1
What is the hundred thousands digit of 10754619?
7
What is the hundreds digit of 3990083?
0
What is the thousands digit of 268062?
8
What is the hundreds digit of 822526?
5
What is the hundred thousands digit of 6038935?
0
What is the hundred thousands digit of 322348?
3
What is the hundred thousands digit of 288020?
2
What is the hundreds digit of 10201885?
8
What is the millions digit of 3287824?
3
What is the hundred thousands digit of 435668?
4
What is the thousands digit of 26529?
6
What is the units digit of 145029?
9
What is the hundreds digit of 242993?
9
What is the thousands digit of 8624?
8
What is the tens digit of 11008208?
0
What is the tens digit of 628421?
2
What is the tens digit of 300556?
5
What is the hundreds digit of 79895?
8
What is the units digit of 6000314?
4
What is the ten thousands digit of 1103428?
0
What is the thousands digit of 8141224?
1
What is the tens digit of 1802478?
7
What is the tens digit of 2444638?
3
What is the hundred thousands digit of 530162?
5
What is the millions digit of 1080702?
1
What is the millions digit of 1063501?
1
What is the hundreds digit of 1330783?
7
What is the tens digit of 309908?
0
What is the thousands digit of 204745?
4
What is the millions digit of 9304186?
9
What is the ten thousands digit of 2785242?
8
What is the ten thousands digit of 193649?
9
What is the tens digit of 1083525?
2
What is the thousands digit of 2313559?
3
What is the thousands digit of 2992213?
2
What is the units digit of 2155379?
9
What is the ten thousands digit of 2080840?
8
What is the ten thousands digit of 205260?
0
What is the hundreds digit of 3155742?
7
What is the millions digit of 16893153?
6
What is the hundred thousands digit of 4341146?
3
What is the tens digit of 112172?
7
What is the units digit of 300391?
1
What is the units digit of 584703?
3
What is the tens digit of 2152551?
5
What is the ten thousands digit of 366971?
6
What is the units digit of 38991?
1
What is the tens digit of 7099625?
2
What is the tens digit of 869596?
9
What is the hundreds digit of 358634?
6
What is the thousands digit of 2439037?
9
What is the ten thousands digit of 3801046?
0
What is the hundred thousands digit of 111299?
1
What is the millions digit of 2308522?
2
What is the units digit of 443596?
6
What is the units digit of 954818?
8
What is the ten thousands digit of 11586335?
8
What is the hundred thousands digit of 223146?
2
What is the thousands digit of 1364?
1
What is the units digit of 590215?
5
What is the millions digit of 2510324?
2
What is the units digit of 21098884?
4
What is the thousands digit of 77077?
7
What is the tens digit of 1327008?
0
What is the thousands digit of 650884?
0
What is the units digit of 4764960?
0
What is the thousands digit of 1763866?
3
What is the hundred thousands digit of 14992817?
9
What is the tens digit of 23733?
3
What is the hundred thousands digit of 212758?
2
What is the ten thousands digit of 8300964?
0
What is the tens digit of 188672?
7
What is the thousands digit of 983746?
3
What is the millions digit of 2293477?
2
What is the ten thousands digit of 925601?
2
What is the hundred thousands digit of 6519868?
5
What is the units digit of 1186422?
2
What is the tens digit of 882718?
1
What is the tens digit of 142716?
1
What is the units digit of 32067689?
9
What is the ten thousands digit of 257410?
5
What is the tens digit of 2287171?
7
What is the hundred thousands digit of 379883?
3
What is the thousands digit of 1164481?
4
What is the hundred thousands digit of 754678?
7
What is the thousands digit of 1652328?
2
What is the thousands digit of 2686539?
6
What is the ten thousands digit of 334917?
3
What is the hundred thousands digit of 4478583?
4
What is the thousands digit of 1009885?
9
What is the ten thousands digit of 2013438?
1
What is the hundreds digit of 2728861?
8
What is the tens digit of 78787?
8
What is the ten thousands digit of 103326?
0
What is the hundreds digit of 1129403?
4
What is the units digit of 1447163?
3
What is the hundred thousands digit of 1908197?
9
What is the units digit of 4039182?
2
What is the hundreds digit of 2136497?
4
What is the ten millions digit of 25933305?
2
What is the tens digit of 2612633?
3
What is the hundreds digit of 26274342?
3
What is the ten thousands digit of 11888059?
8
What is the hundreds digit of 341325?
3
What is the units digit of 45922?
2
What is the units digit of 918050?
0
What is the millions digit of 18019965?
8
What is the hundred thousands digit of 163617?
1
What is the thousands digit of 562524?
2
What is the hundreds digit of 6452188?
1
What is the hundred thousands digit of 1684651?
6
What is the units digit of 4003531?
1
What is the ten thousands digit of 16687243?
8
What is the hundred thousands digit of 7649187?
6
What is the hundreds digit of 1430654?
6
What is the hundreds digit of 2523790?
7
What is the units digit of 385?
5
What is the tens digit of 300598?
9
What is the hundreds digit of 6578750?
7
What is the millions digit of 2292124?
2
What is the hundred thousands digit of 544228?
5
What is the thousands digit of 1275561?
5
What is the hundred thousands digit of 423019?
4
What is the units digit of 683154?
4
What is the tens digit of 240914?
1
What is the tens digit of 18521795?
9
What is the tens digit of 1458047?
4
What is the tens digit of 17105?
0
What is the hundreds digit of 249692?
6
What is the ten thousands digit of 228744?
2
What is the tens digit of 2875552?
5
What is the units digit of 284374?
4
What is the units digit of 2004370?
0
What is the units digit of 1460629?
9
What is the units digit of 902982?
2
What is the hundred thousands digit of 230934?
2
What is the ten thousands digit of 57714?
5
What is the hundred thousands digit of 464865?
4
What is the ten thousands digit of 5848811?
4
What is the tens 